= 1 - 6 + f**3 - f**2 - 112*f - 3*f**2 - 107*f + 215*f. Calculate k(5).
0
Suppose -o + 0*w + w - 6 = 0, -4*o - 3*w - 38 = 0. Let p be (6 - 10)*((-6)/o)/(-1). Let x(q) = q**2 - q. Calculate x(p).
6
Let m(p) = -9 - 9 - p + 2 + 7 - 9. Determine m(-16).
-2
Let j be (60/8)/(-15)*(0 - 2). Let x(d) = -41*d**3 - d**2 + 1. Calculate x(j).
-41
Let j(o) = 970*o - 1904*o + 15 + 11*o**2 + o**3 + 947*o. Give j(-10).
-15
Let l(h) = 7*h. Let i = 202 - 201. Give l(i).
7
Let v(f) = -4*f + 17. Let w(u) = -5*u + 17. Let m(d) = -6*v(d) + 5*w(d). Determine m(-15).
-2
Let d(i) = 9*i + 1 - 6*i + 0*i + 0. Let s be (3/(9/6))/2. Give d(s).
4
Let d(m) = -m + 59. Let u(h) = h - 44. Let v(c) = -4*d(c) - 5*u(c). Calculate v(-12).
-4
Suppose -4*t = -s - 34 - 9, 2*s = -3*t + 24. Let b(r) = -r**3 + 11*r**2 - 11*r + 2. Let w be b(t). Let y(q) = -q - 11. Determine y(w).
-3
Let n be -8*1 - -4 - -9. Suppose n*y + 39 = 2*r, 2*y + 83 - 29 = 4*r. Let w(x) = -20 + 10 + 2*x + 0*x + r. Give w(-2).
-2
Let q(x) = -2*x**3 - 3*x**2 - 2*x - 2. Let r(a) = -a**3 - a**2. Let u(z) = -q(z) + 3*r(z). Let t(k) = -3*k**2 + 2*k - 1. Let s be t(1). Give u(s).
6
Let f(l) = l**3 - 4*l**2 + l + 1. Let y(w) = 8*w**3 - 23*w**2 + 9*w + 9. Let n(a) = 6*f(a) - y(a). Calculate n(-2).
15
Let k(p) = -2*p**2 - 13*p - 4. Suppose 0 = 25*c - 6*c + 114. Calculate k(c).
2
Let i be (-126)/10 + 34/(-85). Let d(m) = m**2 + 14*m + 8. What is d(i)?
-5
Let k(z) = z**3 + 4*z**2 - 12*z - 40. Suppose -1348 = 2*r - 1338. Calculate k(r).
-5
Let a be -1 - (3 + 5 + -4). Let m(n) be the second derivative of -n**4/12 - 2*n**3/3 + 5*n**2/2 + 14*n. What is m(a)?
0
Let p(a) = 30*a**3 - 2*a + 0*a - 1 - 31*a**3 - 7*a**2 + 6*a + 4*a**2. Determine p(-3).
-13
Let d = 2942 - 2952. Let q(b) = -11*b**2 + 22*b + 9. Let g(h) = 5*h**2 - 11*h - 5. Let t(a) = -13*g(a) - 6*q(a). Give t(d).
1
Let c(w) = -2*w**3 + 4*w**2 + 2. Let b(u) = u**3 - u**2 - u. Let f(a) = -3*b(a) - c(a). Let t = 10095 + -10098. Determine f(t).
7
Let y(v) = -9*v - 57. Let r(c) = -c - 8. Let q(k) = 15*r(k) - 2*y(k). Determine q(-4).
-18
Let l(t) be the third derivative of t**7/840 + t**6/360 + t**5/120 - t**4/4 + 19*t**2. Let j(s) be the second derivative of l(s). Determine j(-2).
9
Let y(h) be the first derivative of -h**4/4 - 5*h**3/3 - h**2 + 4*h + 102. Calculate y(-5).
14
Let x(h) be the third derivative of 1/24*h**4 + 0 + h**2 + 1/6*h**3 + 0*h. Suppose -5 = -4*i - 17. What is x(i)?
-2
Let y(d) be the third derivative of d**6/120 + 7*d**5/60 - 11*d**4/24 - 10*d**3/3 + 26*d**2 + 1. What is y(-8)?
4
Let x(m) = -m - 1. Let q(t) = -4*t - 4. Let p(u) = -q(u) + 5*x(u). Let d = 7 + -8. What is p(d)?
0
Let p = -66 + 135. Let w = -48 + p. Let o = 19 - w. Let n(f) = -f**3 - 2*f**2 - f + 2. Give n(o).
4
Suppose 4*h - 3*g - 6 - 12 = 0, 8 = 2*h - g. Let v(k) = 2 - 2 + 9*k**2 + 3 + 4*k**3 - 5*k**h. Calculate v(9).
3
Let r(w) = -w**2 - 3*w + 2. Let u(z) = 6*z - 23. Let g be u(3). Calculate r(g).
-8
Let s(w) = w**3 - 6*w**2 - 7*w + 1. Let u = 12 - 26. Suppose 94*a = 85*a - 63. Let r = a - u. Give s(r).
1
Let i(j) be the second derivative of j**5/20 - j**4/2 + 7*j**3/6 + 7*j**2/2 - 79*j. What is i(6)?
49
Let p(b) be the second derivative of 5*b**4/12 - 3*b**3/2 + 3*b**2 + 6*b. Let l(t) = 14*t**2 - 26*t + 17. Let d(z) = 4*l(z) - 11*p(z). Calculate d(6).
8
Let h(m) = -22 + 80 - 11*m**2 - 57. Calculate h(1).
-10
Suppose -2*g - g = -6. Let x(u) = -3*u**2 + u**3 + u**g + 3 + 0*u**2 + 5*u**2 + 4*u. Suppose -2*r = -b - r + 1, -4*b - 4*r = 20. Give x(b).
-1
Let g(s) = 13*s**2 - 4*s**2 - 10*s**2 + 7 - 3. Let q(j) be the third derivative of -j**4/12 - j**3/6 + j**2. Let h be q(1). Give g(h).
-5
Let f be 2/(-2)*(8 + -11). Let v(k) = 170 - 172 + 2*k**2 + 7*k - f*k**2. Let d(b) = -7*b**3 - 2*b**2 - b. Let h be d(-1). What is v(h)?
4
Let r be (30/20)/(10/(-40)). Let c(s) be the second derivative of -s**3/3 - s**2/2 - s. Determine c(r).
11
Let j(y) = y**3 - 15*y**2 - 32*y - 36. Let r be j(17). Let q(i) = 2*i**3 - 2*i**2 - 2*i - 3. Give q(r).
-23
Let j(l) = l**2 + l + 3. Let g(v) = v**2 - 19*v + 78. Let u be g(13). What is j(u)?
3
Let d(n) be the third derivative of 0 + 0*n + 3/2*n**3 + 1/24*n**4 + 20*n**2. Determine d(-7).
2
Let c(a) = -a**3 + a**2 + 3. Suppose 5 = i - 2. Suppose -4*j - 1 - i = -5*v, -8 = 2*v + 4*j. Determine c(v).
3
Let j(q) = -2 + 2 - 2*q. Let x(a) = -3*a - 6. Let r be x(-6). Suppose 4*w - 8*w = -r. Calculate j(w).
-6
Let h(w) = -w**3 - w**2. Let k(f) = -f**3 - 4*f**2 - f + 1. Let o(x) = 3*h(x) - k(x). Let j = -38 + 35. Let a be j + 3/(9/12). Determine o(a).
-1
Let o(c) = -c - 2. Let y(r) = 2*r + 4. Let f(q) = 5*o(q) + 2*y(q). Suppose -8*v - 12*v - 85 = -3*v. Calculate f(v).
3
Let y(v) = -2*v + 4. Let q(n) = -n + 2. Let i(s) = 5*q(s) - 2*y(s). Let p be i(8). Let c(a) = a**3 + 7*a**2 + 5*a - 8. Calculate c(p).
-2
Let g(j) = -197*j - 13 + 207*j - j**2 + 7. What is g(9)?
3
Let p(j) = 2*j + 7. Let w(t) = -3*t - 5. Let s(y) = 4*p(y) + 3*w(y). What is s(13)?
0
Let h(f) = -f**2 - 6*f - 3. Let n be (2/2)/(9/765). Suppose 3*t - 45 = 3*i, -3*t + 7*t - n = -i. Let m = -24 + t. Calculate h(m).
5
Let f(j) = 1 + 1 + j - 2 - 4. Let r(q) = -q**2 - 19*q - 12. Let y be r(-18). What is f(y)?
2
Let a(s) be the first derivative of -1/2*s**2 + 17 + 0*s. Determine a(1).
-1
Let y(x) = x - 3. Let u(h) = -1. Let g(t) = 4*u(t) - 2*y(t). Let m(c) = -c + 1. Let n = -101 - -96. Let j(a) = n*m(a) + 2*g(a). Give j(-5).
-6
Let n(b) = 18*b**2 - 6*b - 30. Let w(q) = -5*q**2 + 2*q + 8. Let c(z) = 6*n(z) + 22*w(z). Let p(y) = -y**2 + 5. Let k be p(0). Give c(k).
-14
Let k(g) = -4*g**2 - 15*g**2 + 2 - 4. Let f(z) = -28*z**2 - 3. Let m(n) = 5*f(n) - 8*k(n). Determine m(1).
13
Let b = -959 - -966. Let k(y) = 2*y - 1. What is k(b)?
13
Let d(y) be the first derivative of y**2 + 7*y - 8 - 1/6*y**3. Let w(u) be the first derivative of d(u). Calculate w(4).
-2
Let d(t) = -t**2 - 8*t - 25. Let r = -1222 + 1218. What is d(r)?
-9
Let n(l) = 3 - 16*l**2 - 13*l**2 + 27*l**2 + 5*l. Calculate n(4).
-9
Let o(t) be the second derivative of -t**4/12 + 5*t**3/3 - 17*t**2/2 + 21*t. Let u be o(7). Let n(i) = -i - 5. Determine n(u).
-9
Let f(s) = s**2 + s - 1. Let c(n) = 6*n**2. Let y be (-15)/(4 + 1) + 2. Let b(m) = y*c(m) + 5*f(m). Determine b(5).
-5
Let z(u) = 8*u + 4. Let c(s) = s**3 - 9*s**2 + s - 12. Let q = 104 - 95. Let f be c(q). Give z(f).
-20
Let s = -35 - -110. Let d = -77 + s. Let i(k) = k**3 + 4*k**2 + 4*k + 3. Give i(d).
3
Let a(j) be the first derivative of -j**6/180 - j**5/40 + 11*j**3/3 + 17. Let c(o) be the third derivative of a(o). What is c(-3)?
-9
Let u(q) = 31*q**2 + 53*q + 1. Let a(h) = -11*h**2 - 18*h. Let r(j) = 17*a(j) + 6*u(j). Give r(12).
6
Let j(q) = -3*q - 8. Let a be j(-4). Let h(x) = -2*x + 3 + 2*x - a*x. Give h(2).
-5
Let y(q) be the first derivative of -q**5/60 + q**4/12 - q**3/6 + 5*q**2 + 47. Let n(x) be the second derivative of y(x). What is n(3)?
-4
Let j = 443 + -433. Let d(a) = a**3 - 11*a**2 + 7*a + 21. What is d(j)?
-9
Let o(q) = -5*q**2 - 3*q - 3. Let p(h) = 11*h**2 + 7*h + 6. Let g(s) = -9*o(s) - 4*p(s). Let f be (-2)/(-7) + (-57)/(-21). Give g(f).
9
Let x be (-2)/5 - (-39)/(-15). Let g be -4*(x + (-5)/(-2)). Let s(y) = 6*y**2 + y**2 + 2*y**2 + 3*y**g + 2*y + 1. Give s(-1).
11
Let r(h) = -h**2 + 2*h - 3. Let p be r(3). Let z be (p/(-4))/((-1)/4). Let a(d) = -43*d**2 - 48*d**2 - 8*d + 136*d**2 - 46*d**2 - 1. Determine a(z).
11
Let z(m) = m - 7. Suppose 2*p = -5*o - 11, -2*o - 4*p + 0*p = 14. Let k be (-3 - 6/o) + (-3)/(-1). What is z(k)?
-1
Let z(d) be the first derivative of -d**4/4 - d**3 + d**2 - 3*d - 166. What is z(-3)?
-9
Let g = -2349 + 2354. Let c(a) = -11*a + 15. Give c(g).
-40
Let d be 4/12 - (-2527)/(-21). Let j be ((-2)/(-6))/(595/d - -5). Let i(q) = q**3 - 8*q**2 - 2*q + 8. Give i(j).
-8
Let f be (-3)/(-9) + 51/9. Suppose -9*t - f = -11*t. Let k(y) = 2 + y + 0*y - 3*y. Give k(t).
-4
Let s(h) = 4*h + 4. Let l be (-9)/(-6)*14 - -3. Let q = -21 + l. Suppose 0*b + 1 = -2*d + 3*b, 0 = -b - q. Calculate s(d).
-16
Let q be (-7)/35*-10*3/2. Suppose 2*a = -5*n + 3*n - 22, -5*n + 9 = -q*a. Let v(c) = c**3 + 7*c**2 - 8*c + 5. Give v(a).
5
Suppose 3*j + 21 = -j - m, 0 = 4*j - m + 19. Let h(b) = b**3 + 3*b**2 - 7*b + 8. Give h(j).
-7
Let p(j) = -j**2 + 9*j - 12. Let i be p(6). Let d(s) = -s**2 + 